{"id":989152,"date":"2025-10-13T16:23:16","date_gmt":"2025-10-13T19:23:16","guid":{"rendered":"https:\/\/rgacarropipa.com.br\/?page_id=989152"},"modified":"2025-10-13T16:23:53","modified_gmt":"2025-10-13T19:23:53","slug":"certificacoes","status":"publish","type":"page","link":"https:\/\/rgacarropipa.com.br\/index.php\/certificacoes\/","title":{"rendered":"Certifica\u00e7\u00f5es"},"content":{"rendered":"\t\t<div data-elementor-type=\"wp-page\" data-elementor-id=\"989152\" class=\"elementor elementor-989152\" data-elementor-post-type=\"page\">\n\t\t\t\t<div class=\"elementor-element elementor-element-9224a1f e-flex e-con-boxed e-con e-parent\" data-id=\"9224a1f\" data-element_type=\"container\" data-e-type=\"container\">\n\t\t\t\t\t<div class=\"e-con-inner\">\n\t\t\t\t<div class=\"elementor-element elementor-element-152654c elementor-widget elementor-widget-heading\" data-id=\"152654c\" data-element_type=\"widget\" data-e-type=\"widget\" data-widget_type=\"heading.default\">\n\t\t\t\t\t<h2 class=\"elementor-heading-title elementor-size-default\">Certifica\u00e7\u00f5es <\/h2>\t\t\t\t<\/div>\n\t\t\t\t\t<\/div>\n\t\t\t\t<\/div>\n\t\t<div class=\"elementor-element elementor-element-54cbe3e e-flex e-con-boxed e-con e-parent\" data-id=\"54cbe3e\" data-element_type=\"container\" data-e-type=\"container\">\n\t\t\t\t\t<div class=\"e-con-inner\">\n\t\t<div class=\"elementor-element elementor-element-d8b4c07 e-con-full e-flex e-con e-child\" data-id=\"d8b4c07\" data-element_type=\"container\" data-e-type=\"container\">\n\t\t\t\t<div class=\"elementor-element elementor-element-2a31ad4 elementor-view-default elementor-position-block-start elementor-mobile-position-block-start elementor-widget elementor-widget-icon-box\" data-id=\"2a31ad4\" data-element_type=\"widget\" data-e-type=\"widget\" data-widget_type=\"icon-box.default\">\n\t\t\t\t\t\t\t<div class=\"elementor-icon-box-wrapper\">\n\n\t\t\t\t\t\t<div class=\"elementor-icon-box-icon\">\n\t\t\t\t<a href=\"https:\/\/rgacarropipa.com.br\/wp-content\/uploads\/2025\/10\/ALVARA-FUNCIONAMENTO-2025-RGA.pdf\" target=\"_blank\" class=\"elementor-icon\" tabindex=\"-1\" aria-label=\"ALVAR\u00c1 FUNCIONAMENTO 2025 RGA\">\n\t\t\t\t<i aria-hidden=\"true\" class=\"fas fa-file-alt\"><\/i>\t\t\t\t<\/a>\n\t\t\t<\/div>\n\t\t\t\n\t\t\t\t\t\t<div class=\"elementor-icon-box-content\">\n\n\t\t\t\t\t\t\t\t\t<h6 class=\"elementor-icon-box-title\">\n\t\t\t\t\t\t<a href=\"https:\/\/rgacarropipa.com.br\/wp-content\/uploads\/2025\/10\/ALVARA-FUNCIONAMENTO-2025-RGA.pdf\" target=\"_blank\" >\n\t\t\t\t\t\t\tALVAR\u00c1 FUNCIONAMENTO 2025 RGA\t\t\t\t\t\t<\/a>\n\t\t\t\t\t<\/h6>\n\t\t\t\t\n\t\t\t\t\n\t\t\t<\/div>\n\t\t\t\n\t\t<\/div>\n\t\t\t\t\t\t<\/div>\n\t\t\t\t<\/div>\n\t\t<div class=\"elementor-element elementor-element-392c079 e-con-full e-flex e-con e-child\" data-id=\"392c079\" data-element_type=\"container\" data-e-type=\"container\">\n\t\t\t\t<div class=\"elementor-element elementor-element-36e5ee4 elementor-view-default elementor-position-block-start elementor-mobile-position-block-start elementor-widget elementor-widget-icon-box\" data-id=\"36e5ee4\" data-element_type=\"widget\" data-e-type=\"widget\" data-widget_type=\"icon-box.default\">\n\t\t\t\t\t\t\t<div class=\"elementor-icon-box-wrapper\">\n\n\t\t\t\t\t\t<div class=\"elementor-icon-box-icon\">\n\t\t\t\t<a href=\"https:\/\/rgacarropipa.com.br\/wp-content\/uploads\/2025\/10\/INSTITUTO-DO-MEIO-AMBIENTE-E-RECURSOS-HIDRICOS-INEMA.pdf\" target=\"_blank\" class=\"elementor-icon\" tabindex=\"-1\" aria-label=\"INSTITUTO DO MEIO AMBIENTE E RECURSOS H\u00cdDRICOS - INEMA\">\n\t\t\t\t<i aria-hidden=\"true\" class=\"fas fa-file-alt\"><\/i>\t\t\t\t<\/a>\n\t\t\t<\/div>\n\t\t\t\n\t\t\t\t\t\t<div class=\"elementor-icon-box-content\">\n\n\t\t\t\t\t\t\t\t\t<h6 class=\"elementor-icon-box-title\">\n\t\t\t\t\t\t<a href=\"https:\/\/rgacarropipa.com.br\/wp-content\/uploads\/2025\/10\/INSTITUTO-DO-MEIO-AMBIENTE-E-RECURSOS-HIDRICOS-INEMA.pdf\" target=\"_blank\" >\n\t\t\t\t\t\t\tINSTITUTO DO MEIO AMBIENTE E RECURSOS H\u00cdDRICOS - INEMA\t\t\t\t\t\t<\/a>\n\t\t\t\t\t<\/h6>\n\t\t\t\t\n\t\t\t\t\n\t\t\t<\/div>\n\t\t\t\n\t\t<\/div>\n\t\t\t\t\t\t<\/div>\n\t\t\t\t<\/div>\n\t\t<div class=\"elementor-element elementor-element-30dec07 e-con-full e-flex e-con e-child\" data-id=\"30dec07\" data-element_type=\"container\" data-e-type=\"container\">\n\t\t\t\t<div class=\"elementor-element elementor-element-b1a91f6 elementor-view-default elementor-position-block-start elementor-mobile-position-block-start elementor-widget elementor-widget-icon-box\" data-id=\"b1a91f6\" data-element_type=\"widget\" data-e-type=\"widget\" data-widget_type=\"icon-box.default\">\n\t\t\t\t\t\t\t<div class=\"elementor-icon-box-wrapper\">\n\n\t\t\t\t\t\t<div class=\"elementor-icon-box-icon\">\n\t\t\t\t<a href=\"https:\/\/rgacarropipa.com.br\/wp-content\/uploads\/2025\/10\/ALVARA-DE-FUNCIONAMENTO-VIGILANCIA-SANITARIA-2026.pdf\" target=\"_blank\" class=\"elementor-icon\" tabindex=\"-1\" aria-label=\"ALVAR\u00c1 DE FUNCIONAMENTO - VIGIL\u00c2NCIA SANIT\u00c1RIA 2026\">\n\t\t\t\t<i aria-hidden=\"true\" class=\"fas fa-file-alt\"><\/i>\t\t\t\t<\/a>\n\t\t\t<\/div>\n\t\t\t\n\t\t\t\t\t\t<div class=\"elementor-icon-box-content\">\n\n\t\t\t\t\t\t\t\t\t<h6 class=\"elementor-icon-box-title\">\n\t\t\t\t\t\t<a href=\"https:\/\/rgacarropipa.com.br\/wp-content\/uploads\/2025\/10\/ALVARA-DE-FUNCIONAMENTO-VIGILANCIA-SANITARIA-2026.pdf\" target=\"_blank\" >\n\t\t\t\t\t\t\tALVAR\u00c1 DE FUNCIONAMENTO - VIGIL\u00c2NCIA SANIT\u00c1RIA 2026\t\t\t\t\t\t<\/a>\n\t\t\t\t\t<\/h6>\n\t\t\t\t\n\t\t\t\t\n\t\t\t<\/div>\n\t\t\t\n\t\t<\/div>\n\t\t\t\t\t\t<\/div>\n\t\t\t\t<\/div>\n\t\t<div class=\"elementor-element elementor-element-616901c e-con-full e-flex e-con e-child\" data-id=\"616901c\" data-element_type=\"container\" data-e-type=\"container\">\n\t\t\t\t<div class=\"elementor-element elementor-element-4e954f3 elementor-view-default elementor-position-block-start elementor-mobile-position-block-start elementor-widget elementor-widget-icon-box\" data-id=\"4e954f3\" data-element_type=\"widget\" data-e-type=\"widget\" data-widget_type=\"icon-box.default\">\n\t\t\t\t\t\t\t<div class=\"elementor-icon-box-wrapper\">\n\n\t\t\t\t\t\t<div class=\"elementor-icon-box-icon\">\n\t\t\t\t<a href=\"https:\/\/rgacarropipa.com.br\/wp-content\/uploads\/2025\/10\/AUTORIZACAO-DO-MINISTERIO-DA-SAUDE-ANVISA.pdf\" target=\"_blank\" class=\"elementor-icon\" tabindex=\"-1\" aria-label=\"AUTORIZA\u00c7\u00c3O DO MINIST\u00c9RIO DA SA\u00daDE ANVISA\">\n\t\t\t\t<i aria-hidden=\"true\" class=\"fas fa-file-alt\"><\/i>\t\t\t\t<\/a>\n\t\t\t<\/div>\n\t\t\t\n\t\t\t\t\t\t<div class=\"elementor-icon-box-content\">\n\n\t\t\t\t\t\t\t\t\t<h6 class=\"elementor-icon-box-title\">\n\t\t\t\t\t\t<a href=\"https:\/\/rgacarropipa.com.br\/wp-content\/uploads\/2025\/10\/AUTORIZACAO-DO-MINISTERIO-DA-SAUDE-ANVISA.pdf\" target=\"_blank\" >\n\t\t\t\t\t\t\tAUTORIZA\u00c7\u00c3O DO MINIST\u00c9RIO DA SA\u00daDE ANVISA\t\t\t\t\t\t<\/a>\n\t\t\t\t\t<\/h6>\n\t\t\t\t\n\t\t\t\t\n\t\t\t<\/div>\n\t\t\t\n\t\t<\/div>\n\t\t\t\t\t\t<\/div>\n\t\t\t\t<\/div>\n\t\t<div class=\"elementor-element elementor-element-a1cb531 e-con-full e-flex e-con e-child\" data-id=\"a1cb531\" data-element_type=\"container\" data-e-type=\"container\">\n\t\t\t\t<div class=\"elementor-element elementor-element-0e645bc elementor-view-default elementor-position-block-start elementor-mobile-position-block-start elementor-widget elementor-widget-icon-box\" data-id=\"0e645bc\" data-element_type=\"widget\" data-e-type=\"widget\" data-widget_type=\"icon-box.default\">\n\t\t\t\t\t\t\t<div class=\"elementor-icon-box-wrapper\">\n\n\t\t\t\t\t\t<div class=\"elementor-icon-box-icon\">\n\t\t\t\t<a href=\"https:\/\/rgacarropipa.com.br\/wp-content\/uploads\/2025\/10\/CONSELHO-REGIONAL-DE-QUIMICA.pdf\" target=\"_blank\" class=\"elementor-icon\" tabindex=\"-1\" aria-label=\"CONSELHO REGIONAL DE QU\u00cdMICA\">\n\t\t\t\t<i aria-hidden=\"true\" class=\"fas fa-file-alt\"><\/i>\t\t\t\t<\/a>\n\t\t\t<\/div>\n\t\t\t\n\t\t\t\t\t\t<div class=\"elementor-icon-box-content\">\n\n\t\t\t\t\t\t\t\t\t<h6 class=\"elementor-icon-box-title\">\n\t\t\t\t\t\t<a href=\"https:\/\/rgacarropipa.com.br\/wp-content\/uploads\/2025\/10\/CONSELHO-REGIONAL-DE-QUIMICA.pdf\" target=\"_blank\" >\n\t\t\t\t\t\t\tCONSELHO REGIONAL DE QU\u00cdMICA\t\t\t\t\t\t<\/a>\n\t\t\t\t\t<\/h6>\n\t\t\t\t\n\t\t\t\t\n\t\t\t<\/div>\n\t\t\t\n\t\t<\/div>\n\t\t\t\t\t\t<\/div>\n\t\t\t\t<\/div>\n\t\t<div class=\"elementor-element elementor-element-e7416c9 e-con-full e-flex e-con e-child\" data-id=\"e7416c9\" data-element_type=\"container\" data-e-type=\"container\">\n\t\t\t\t<\/div>\n\t\t\t\t\t<\/div>\n\t\t\t\t<\/div>\n\t\t\t\t<\/div>\n\t\t","protected":false},"excerpt":{"rendered":"<p>Certifica\u00e7\u00f5es ALVAR\u00c1 FUNCIONAMENTO 2025 RGA INSTITUTO DO MEIO AMBIENTE E RECURSOS H\u00cdDRICOS &#8211; INEMA ALVAR\u00c1 DE FUNCIONAMENTO &#8211; VIGIL\u00c2NCIA SANIT\u00c1RIA 2026 AUTORIZA\u00c7\u00c3O DO MINIST\u00c9RIO DA SA\u00daDE ANVISA CONSELHO REGIONAL DE QU\u00cdMICA<\/p>\n","protected":false},"author":1,"featured_media":0,"parent":0,"menu_order":0,"comment_status":"closed","ping_status":"closed","template":"elementor_header_footer","meta":{"footnotes":""},"class_list":["post-989152","page","type-page","status-publish","hentry"],"_links":{"self":[{"href":"https:\/\/rgacarropipa.com.br\/index.php\/wp-json\/wp\/v2\/pages\/989152","targetHints":{"allow":["GET"]}}],"collection":[{"href":"https:\/\/rgacarropipa.com.br\/index.php\/wp-json\/wp\/v2\/pages"}],"about":[{"href":"https:\/\/rgacarropipa.com.br\/index.php\/wp-json\/wp\/v2\/types\/page"}],"author":[{"embeddable":true,"href":"https:\/\/rgacarropipa.com.br\/index.php\/wp-json\/wp\/v2\/users\/1"}],"replies":[{"embeddable":true,"href":"https:\/\/rgacarropipa.com.br\/index.php\/wp-json\/wp\/v2\/comments?post=989152"}],"version-history":[{"count":4,"href":"https:\/\/rgacarropipa.com.br\/index.php\/wp-json\/wp\/v2\/pages\/989152\/revisions"}],"predecessor-version":[{"id":989157,"href":"https:\/\/rgacarropipa.com.br\/index.php\/wp-json\/wp\/v2\/pages\/989152\/revisions\/989157"}],"wp:attachment":[{"href":"https:\/\/rgacarropipa.com.br\/index.php\/wp-json\/wp\/v2\/media?parent=989152"}],"curies":[{"name":"wp","href":"https:\/\/api.w.org\/{rel}","templated":true}]}}